e w/2 - (1 - 9). Suppose 0 = -4*o + 2 + z. What is the units digit of o?
3
Let p(y) = 46*y**2 + 34*y - 51. What is the tens digit of p(6)?
0
Let g be (-3 + 1 + 0)*(-10)/4. Let a be (6/3 + -1)*81. Suppose -a = -g*m - 21. What is the units digit of m?
2
Let m be (-2)/(-13) + -2 + (-24)/(-13). Let r(g) = g**3 + g**2 + 219. What is the hundreds digit of r(m)?
2
Suppose 0 = 4*t - 2*t - 320. Suppose 3*n = 12, -6*w + 3*w - t = 2*n. What is the tens digit of w/(-2) - (-28)/14?
3
Let x(f) be the second derivative of -2*f**5/5 - f**4/6 + f**3/3 - f**2/2 + 6*f. Let l be x(1). What is the units digit of (-186)/(-10) + l/15?
8
Suppose -199*z - 3*q = -197*z - 10796, -3*q + 12 = 0. What is the tens digit of z?
9
Let b(a) be the second derivative of -a**5/20 + 4*a**4/3 + a**3/3 - 5*a**2/2 + 36*a. Let l = 17 - 1. What is the tens digit of b(l)?
2
Let m(r) be the third derivative of 5*r**4/24 - 5*r**3/2 + r**2. Let f = 684 - 678. What is the tens digit of m(f)?
1
Suppose 4*a - n = 1856, -2*a - 6*n = -4*n - 938. What is the units digit of a?
5
Let r(p) = 3*p**3 - 2*p + 1. Let x be r(1). Suppose 24 = -x*f - 2. Let a = f + 27. What is the tens digit of a?
1
Let i be 10/5 - (-3)/3. Suppose -25 = -x + 4*b - 0*b, i*x = 5*b + 54. What is the units digit of x?
3
Let l(v) = 62*v + 81. What is the hundreds digit of l(6)?
4
Let g be (72/(-30))/3 - 222/10. Let o = g + 119. What is the tens digit of o?
9
Let d be 1/8 + 1/(32/2812). Let q = 6 + -1. Suppose -d = -q*b + 87. What is the tens digit of b?
3
What is the hundreds digit of (1000/75)/(2/534)?
5
Suppose -3*h = -3*s - 120, 206 = -5*s - 2*h + 4*h. Let i be ((-42)/(-4))/(3/28). Let z = s + i. What is the units digit of z?
6
Suppose 0 = -4*m - m + 25. Suppose 0 = m*x + 3*u - 44, 5*x - u = u + 54. Suppose 4*y - p - 7 = 0, 0*p - x = -5*y + p. What is the units digit of y?
3
Let b(l) = 4*l + 4. Let k be b(3). Let i(d) = -d**3 + 16*d**2 + d + 8. Let h be i(k). What is the units digit of h*((-44)/12 + 4)?
8
Suppose -2*w = 410 - 1348. What is the hundreds digit of w?
4
What is the hundreds digit of (10/3)/10 - (-1418)/3?
4
Let b = 60 + -24. Suppose -5*s + b = -s. What is the units digit of s?
9
Let h = -11 - -30. Let u = -14 + h. Suppose 0 = -0*a - 3*a - u*j + 88, 0 = -5*j - 5. What is the units digit of a?
1
Suppose 19*s - 10312 = 24458. What is the tens digit of s?
3
Suppose t - g + 151 = 3349, 4*g = -2*t + 6426. What is the tens digit of t?
0
Suppose u = -3*i + 385, 0*u - 4*u + 4*i = -1540. What is the units digit of u?
5
Let u(i) = -i**2 + 8*i - 6. Let t be u(7). Suppose -3*d + g + 0 - t = 0, 0 = -4*d - 5*g + 5. Suppose 0 = -4*o - d*o + 156. What is the units digit of o?
9
Let t be (15/1)/((-3)/(-9)). Let b be ((-36)/t)/(2/(-10)). Suppose -b*k - 34 = -5*a, -3*a - 3*k = -k - 38. What is the units digit of a?
0
Suppose -b = -4*b - 3*o - 174, -5*o + 158 = -3*b. Let u = b + 101. What is the units digit of u?
5
Suppose -3*s = -2*w - w + 9477, -2*w + 6322 = -4*s. What is the hundreds digit of w?
1
Let o(l) = -2*l**2 + 2*l + 2. Let n be o(2). What is the hundreds digit of 1/(-2)*1*(n + -298)?
1
Suppose 4*o = 11*o - 1323. Suppose -2*z - s + o = 0, -z - 4*s + 471 = 4*z. What is the tens digit of z?
9
What is the units digit of 24/1*12*(-1)/(-36)?
8
Suppose -5*k + 4313 = -4*j - 10005, 0 = -k - 2*j + 2858. What is the tens digit of k?
6
Suppose 0 = 2*f - 1 - 7. Let u(l) = 11*l**2 + 5 + 3 - 3 - f. What is the units digit of u(1)?
2
What is the units digit of 8866/39 + 4 - (-5)/3?
3
Let f(i) be the first derivative of -i**3/3 + 6*i**2 + 13*i - 7. Let d be f(11). Let c = 50 - d. What is the units digit of c?
6
Let j = -15 - -17. Suppose 0 = 4*t - 4*x - 4, 4*t + x = j*t + 11. Suppose -t*k = k - 150. What is the tens digit of k?
3
Let a(j) = 7*j - 14. Let l(c) = 8*c - 13. Let d(g) = 5*a(g) - 4*l(g). Let z be d(6). Suppose -2*w + z*w + 2 = 0. What is the units digit of w?
1
Let x(t) = -3*t**2 + 8*t + 16. Let y be x(4). Let b = 30 - -37. Let h = y + b. What is the units digit of h?
7
Suppose a - 60 = -5*l, 0 = -4*l + 4*a - 7 + 31. Let b(t) = -7*t**3 - 2*t**2 + 2. Let k be b(-2). Let j = k - l. What is the units digit of j?
9
Let o be -12*((-3)/(-2))/3. Let z(k) = k**3 + 5*k**2 - 8*k - 8. Let p be z(o). Suppose -p*v + 94 = -s, 3*v - 41 - 27 = 2*s. What is the units digit of v?
4
Suppose -v + 7 = -5. Let x = v + 5. What is the units digit of x?
7
Suppose -15 = -c - h - 5, 0 = 2*c - h - 17. What is the units digit of c?
9
Let z be ((-48)/(-36))/(4/(-6)). What is the units digit of 104/(-12)*1/z*39?
9
Suppose 0 = 4*l - 2*f + 8, -20 = -4*f - 4. Suppose -4*d + 236 = -l*d. What is the tens digit of d?
5
Let r(t) be the second derivative of t**4/12 - t**3/3 + 5*t**2/2 + 3*t. What is the tens digit of r(-7)?
6
Let l = -168 - -314. What is the hundreds digit of l?
1
Let o(b) = 3*b**2 - 11*b + 26. What is the tens digit of o(-14)?
6
Let n = 42 - 59. Let x = 1 + n. Let s = x + 26. What is the tens digit of s?
1
Let y = -6 + 6. Let q(i) = 3*i - 29. Let v(g) = 2*g - 28. Let m(a) = 3*q(a) - 4*v(a). What is the units digit of m(y)?
5
Let x be (-10)/75*-20*-3. Let r(i) = 2*i**2 + 2*i - 2. Let f be r(-3). What is the units digit of (x + 3)*(-124)/f?
2
Let a = 21 + -18. What is the units digit of -2 + a + 32 + -3?
0
Let c = 532 + -288. Let g = -163 + c. What is the units digit of g?
1
Suppose y - 1 = 0, 5*o + 0*o - 5 = -5*y. Suppose g + 0*g - 6 = o. Suppose g*q + 392 = 13*q. What is the tens digit of q?
5
Suppose -7223 = 8*y - 22303. What is the hundreds digit of y?
8
Let o = -5 + 13. Suppose -2*l - 4*d = -6*d + o, -5*l - d = -4. Suppose k + 4*k - 85 = l. What is the tens digit of k?
1
Suppose 1045 = -6*m + 2599. What is the hundreds digit of m?
2
Let d(g) = -3*g**3 - 4*g**2 - 5*g - 4. Let u be d(-3). Let z be ((-6)/(-7))/(8/u). Suppose 96 = -z*s + 9*s. What is the units digit of s?
2
Suppose -5*j = -10*j - 3*y + 1205, -5 = -y. What is the hundreds digit of j?
2
Suppose 4*r - 2 + 6 = 0, 3*r + 12 = a. Suppose a*q - 183 = -2*f + 4*q, 5*f = -3*q + 429. What is the units digit of f?
4
Suppose -58*o + 60*o + 300 = 0. Let k = o - -317. What is the tens digit of k?
6
Let h(o) = -12*o - 13. Let u be h(-10). Suppose -2*q = q. Suppose q*t + 3*t = -5*v + 112, u = 3*t + 4*v. What is the tens digit of t?
2
Let w(y) = y**2 - y + 5. Suppose 0 = -3*v + 4 + 2. Suppose v*g + 10 = 4*g. What is the units digit of w(g)?
5
Let j be 4/20 + 3/(-15)*-54. Let s = j - -27. What is the units digit of s?
8
Suppose 78636 - 18051 = 35*w. What is the tens digit of w?
3
Let a(z) = -z**2 + 13*z - 14. Let h be a(8). Suppose 6*s - 34 = h. What is the tens digit of s?
1
Let j(x) = 23*x - 26*x - 9*x - 13 - x**2. Suppose 0 = -s + 6*s + 45. What is the tens digit of j(s)?
1
Suppose -4*v - a + 1 = -7, -2*a - 2 = -v. Let j = -59 - -109. Suppose -v*r - 3*r = -j. What is the units digit of r?
0
Let a be -55 - -5 - (3 + 0). Let r = a + 83. Suppose 33 = 3*p - r. What is the tens digit of p?
2
Suppose -72 = 3*l - 0*l - 3*b, b = 5*l + 136. Let p be 8/l - (-814)/7. Suppose -3*o - 4*k + 87 = 0, 2*o - p = -2*o + 4*k. What is the units digit of o?
9
Let n = 249 - -110. What is the hundreds digit of n?
3
Suppose -2*u = -2*r - 0*u + 64, -2*r = -4*u - 70. What is the units digit of r?
9
What is the thousands digit of (-2)/(3 - 1)*-2116?
2
Suppose -11*f + 46 = 2. Suppose 4*u - 5*u - 13 = 0. What is the tens digit of 17/(-3)*(u + f)?
5
Let r(m) = -7*m - 26. Let d be r(6). Let c = 192 + d. What is the tens digit of c?
2
Let m(h) = h**3 + 2*h**2 - 2*h + 13. Suppose 2*a = -5*d + 11 + 9, 5*a + 8 = 2*d. What is the units digit of m(a)?
3
Suppose 3*k = p + 452, 6*p - 2*p = -3*k + 457. What is the units digit of k?
1
What is the tens digit of 1801*5*49/245?
0
Suppose 0 = -5*m - s + 551, m + 3*s = 5*m - 437. What is the tens digit of m?
1
Let k = 402 + 1574. What is the hundreds digit of k?
9
Suppose 11*n - 528 + 44 = 0. Let s(t) = t + 3. Let f be s(0). Suppose 10 + n = 3*k + f*b, -b + 72 = 4*k. What is the tens digit of k?
1
Suppose 0 = -2*k - 6, 0*i + 5*k + 60 = -i. Let g = i - -104. What is the tens digit of g?
5
Let u be 10/2 + 3 + -6. Suppose 0 = -4*k - 2*r + 18, u*k = 6*k - 5*r + 3. Suppose y - 9 = -k*q, -8*q - 121 = -4*y - 3*q. What is the units digit of y?
4
Let x be (5 + -5)/((-4)/2). Suppose -4*t = -20, x = -